(base 5) to base 10
3801
What is 115532 (base 6) in base 8?
24160
Convert -4b11 (base 14) to base 5.
-410042
What is 356 (base 9) in base 7?
600
What is -20510 (base 6) in base 11?
-20a6
-10123 (base 7) to base 6
-15231
What is -c07 (base 13) in base 10?
-2035
100111111000101 (base 2) to base 7
113352
-24103 (base 6) to base 12
-2033
Convert 8cab (base 15) to base 12.
15345
Convert 1661 (base 12) to base 2.
101001101001
2483 (base 9) to base 16
741
16 (base 13) to base 9
21
Convert -2c2ca (base 13) to base 11.
-58115
What is 1030 (base 16) in base 7?
15040
What is -23213200 (base 4) in base 11?
-32829
What is 3929 (base 11) in base 4?
1033321
Convert -442401 (base 6) to base 14.
-d613
Convert -224656 (base 7) to base 2.
-1001110010111011
What is -4945 (base 11) in base 2?
-1100100111110
What is 2135 (base 6) in base 13?
2ba
Convert 101001101111 (base 2) to base 15.
bd1
-310 (base 6) to base 15
-79
-3325 (base 8) to base 3
-2101210
What is -14325 (base 11) in base 6?
-234123
-b667 (base 15) to base 6
-454324
Convert -9cb6 (base 13) to base 3.
-1010002222
Convert -5020 (base 6) to base 16.
-444
What is 442 (base 11) in base 9?
648
Convert 3896 (base 12) to base 9.
8756
What is 26cd (base 14) in base 3?
100101112
-321 (base 4) to base 14
-41
What is -1200200 (base 4) in base 3?
-22110202
c2a (base 13) to base 11
1607
What is -110100110101100 (base 2) in base 13?
-c40c
Convert -2005 (base 9) to base 6.
-10435
Convert 12360 (base 9) to base 13.
3a29
636 (base 9) to base 2
1000000111
Convert 43d0 (base 15) to base 16.
3822
-110111001 (base 2) to base 11
-371
Convert 210 (base 8) to base 7.
253
Convert 989 (base 14) to base 11.
1464
-100832 (base 9) to base 12
-2a692
Convert -3405 (base 16) to base 6.
-141353
-712 (base 9) to base 8
-1102
-11010111 (base 2) to base 6
-555
What is -3a99 (base 11) in base 5?
-132221
What is 9b7 (base 15) in base 7?
6256
-1002211 (base 3) to base 13
-49c
Convert -111100000011 (base 2) to base 3.
-12021100
10011001 (base 2) to base 11
12a
What is -2244 (base 6) in base 15?
-257
Convert -d4 (base 15) to base 14.
-103
-5216 (base 7) to base 4
-130202
What is 15c4 (base 14) in base 13?
1a09
-10002202 (base 3) to base 10
-2261
Convert -51134 (base 6) to base 12.
-3aaa
Convert 22532 (base 7) to base 10.
5756
What is -1402 (base 9) in base 13?
-632
506 (base 15) to base 3
1112220
What is -8511 (base 9) in base 6?
-44531
5b56 (base 15) to base 8
45747
What is -17486 (base 9) in base 14?
-457c
What is -233 (base 16) in base 10?
-563
Convert -1444 (base 7) to base 11.
-47a
What is -453 (base 14) in base 9?
-1152
Convert -40a0 (base 11) to base 4.
-1110322
Convert 112 (base 8) to base 11.
68
Convert -3035 (base 6) to base 12.
-47b
What is -260 (base 9) in base 10?
-216
What is -1101311 (base 4) in base 8?
-12165
-1133232 (base 4) to base 15
-1c36
Convert -120644 (base 7) to base 8.
-52657
What is 1540 (base 11) in base 15?
8c0
20711 (base 8) to base 12
5009
Convert -213331 (base 4) to base 2.
-100111111101
Convert cce6 (base 15) to base 16.
a998
What is 9717 (base 10) in base 14?
3781
-2a83 (base 12) to base 13
-2373
What is 1011110100 (base 2) in base 7?
2130
Convert -1553 (base 14) to base 11.
-2942
What is 2132 (base 5) in base 10?
292
50031 (base 6) to base 5
201444
Convert -8648 (base 15) to base 11.
-1a395
What is 12130 (base 4) in base 6?
1524
-3a840 (base 11) to base 2
-1110001110000101
-1013222 (base 4) to base 2
-1000111101010
-140330 (base 5) to base 7
-22443
7761 (base 8) to base 5
112311
What is 10334 (base 5) in base 2?
1011001111
What is 107 (base 16) in base 11?
21a
What is -10310 (base 4) in base 13?
-1a9
Convert 1220202 (base 3) to base 12.
985
Convert 3244 (base 7) to base 16.
487
Convert -1344 (base 9) to base 7.
-2644
What is 125015 (base 6) in base 12?
676b
-82a7 (base 14) to base 4
-11133123
Convert -a78 (base 11) to base 7.
-3530
-1636 (base 15) to base 6
-34040
What is 110100100011 (base 2) in base 14?
1323
Convert 1101101011 (base 2) to base 9.
1172
What is 2120 (base 8) in base 16?
450
Convert 827 (base 9) to base 3.
220221
-36533 (base 7) to base 3
-111001222
Convert -124 (base 6) to base 13.
-40
1542 (base 8) to base 5
11431
1111122 (base 3) to base 14
585
Convert -a40 (base 14) to base 13.
-bc1
What is -1111122 (base 3) in base 14?
-585
What is 4476 (base 9) in base 14?
12c5
-2d2d (base 15) to base 6
-112554
14519 (base 10) to base 5
431034
Convert -114130 (base 7) to base 10.
-20650
15304 (base 6) to base 9
3364
Convert -3369 (base 10) to base 4.
-310221
Convert 222201 (base 3) to base 12.
501
Convert -1693 (base 15) to base 12.
-2993
Convert 4433 (base 6) to base 15.
489
Convert -1056 (base 9) to base 13.
-480
Convert 513 (base 6) to base 14.
d7
-940 (base 13) to base 10
-1573
What is 4167 (base 10) in base 15?
137c
What is 5dd6 (base 16) in base 12?
11a9a
What is 735 (base 12) in base 7?
3026
Convert 20323133 (base 4) to base 15.
ac85
1833 (base 11) to base 16
91f
Convert 123011 (base 7) to base 3.
1011001202
Convert 8313 (base 12) to base 4.
3132333
-11 (base 10) to base 8
-13
17a (base 16) to base 3
112000
What is 9aa (base 12) in base 10?
1426
-36035 (base 10) to base 11
-2508a
What is -18a4 (base 11) in base 6?
-15101
-46104 (base 9) to base 5
-1440303
-23423 (base 5) to base 11
-1340
What is -14811 (base 15) in base 13?
-24025
What is -11221 (base 7) in base 4?
-230221
What is 301223 (base 4) in base 8?
6153
What is -102210 (base 4) in base 10?
-1188
1663 (base 7) to base 11
570
-233123 (base 4) to base 15
-d75
26105 (base 10) to base 12
13135
What is -1b00 (base 16) in base 6?
-52000
24425 (base 6) to base 3
11221222
Convert 46a (base 13) to base 9.
1038
-3ad (base 14) to base 6
-3233
440 (base 15) to base 8
1700
Convert 24511 (base 11) to base 4.
20212113
Convert -57 (base 14) to base 6.
-205
Convert 757 (base 9) to base 7.
1543
-495 (base 16) to base 5
-14143
What is 115771 (base 8) in base 6?
504505
5c7 (base 13) to base 3
1101100
-5221 (base 7) to base 3
-2111201
Convert -7145 (base 14) to base 5.
-1110330
-17656 (base 14) to base 8
-162774
What is 1202302 (base 4) in base 10?
6322
Convert 1a7bc (base 13) to base 10.
51869
What is 382 (base 16) in base 7?
2422
Convert 77d (base 14) to base 7.
4216
What is -5fe (base 16) in base 10?
-1534
Convert 2704 (base 10) to base 6.
20304
500 (base 13) to base 7
2315
-93 (base 15) to base 4
-2022
What is 1104 (base 10) in base 3?
1111220
Convert 1010100110000 (base 2) to base 8.
12460
81 (base 12) to base 15
67
585 (base 9) to base 7
1256
What is 60cb (base 14) in base 15?
4de8
Convert -212012020 (base 3) to base 10.
-16908
Convert 97c (base 13) to base 6.
11304
Convert 206 (base 14) to base 11.
332
-1030 (base 7) to base 12
-264
Convert -6341 (base 12) to base 13.
-4c27
What is 3626 (base 8) in base 2?
11110010110
Convert 43 (base 16) to base 3.
2111
What is 10000001000101 (base 2) in base 14?
3021
What is 1487 (base 9) in base 15?
507
What is -958 (base 11) in base 7?
-3234
What is 12761 (base 9) in base 16?
21c1
What is -765 (base 10) in base 7?
-2142
What is -a22 (base 11) in base 9?
-1621
What is 101001000011110 (base 2) in base 8?
51036
What is -1624 (base 8) in base 4?
-32110
Convert -51a (base 14) to base 9.
-1335
Convert 3a9 (base 13) to base 16.
286
What is bc (base 14) in base 5?
1131
-111020211 (base 3) to base 6
-112421
Convert 220101121 (base 3) to base 14.
66a2
2164 (base 8) to base 4
101310
Convert -10044 (base 7) to base 12.
-14a9
What is 57b3 (base 12) in base 5?
303113
183 (base 10) to base 12
133
-3c83 (base 16) to base 9
-23222
What is 3b2 (base 14) in base 4?
23220
57 (base 15) to base 11
75
What is 13932 (base 10) in base 7?
55422
Convert -40053 (base 6) to base 11.
-3a13
-2121021112 (base 3) to base 14
-14957
-100000001110 (base 2) to base 10
-2062
What is -3889 (base 14) in base 15?
-2e16
-413143 (base 5) to base 6
-142420
c0 (base 13) to base 14
b2
151110 (base 6) to base 2
11100010110010
What is -24b (base 13) in base 12?
-295
-2100111 (base 3) to base 8
-3262
Convert 112010000 (base 3) to base 7.
41664
453 (base 16) to base 10
1107
-30 (base 4) to base 13
-c
Convert -1986 (base 15) to base 10.
-5526
What is 11dd8 (base 15) in base 14?
16b68
Convert -11321 (base 4) to base 16.
-179
-13ad (base 16) to base 15
-175c
Conv